{"id":19,"date":"2019-10-22T13:06:05","date_gmt":"2019-10-22T16:06:05","guid":{"rendered":"https:\/\/cecane.ufc.br\/?page_id=19"},"modified":"2020-02-07T19:47:39","modified_gmt":"2020-02-07T22:47:39","slug":"quem-somos","status":"publish","type":"page","link":"https:\/\/cecane.ufc.br\/?page_id=19","title":{"rendered":"Quem somos"},"content":{"rendered":"\n<div class=\"wp-block-image\"><figure class=\"aligncenter is-resized\"><img loading=\"lazy\" src=\"https:\/\/i0.wp.com\/cecane.ufc.br\/wp-content\/uploads\/2019\/10\/Logo_Cecanes.jpg?resize=216%2C216&#038;ssl=1\" alt=\"O Centro Colaborador em Alimenta\u00e7\u00e3o e Nutri\u00e7\u00e3o Escolar \u2013 CECANE - UFC \u00e9 uma parceria do Fundo Nacional de Desenvolvimento da Educa\u00e7\u00e3o - FNDE com a Universidade Federal do Cear\u00e1, firmada a partir da Portaria Interministerial n\u00ba 1010 de 08 de maio de 2006, cujo objetivo \u00e9 apoiar as a\u00e7\u00f5es do Programa Nacional de Alimenta\u00e7\u00e3o Escolar - PNAE.\nAl\u00e9m deste Centro no Cear\u00e1, foram firmadas parceiras com 16 universidades federais e um instituto federal de educa\u00e7\u00e3o, localizados nos seguintes estados: Amazonas, Bahia, Paran\u00e1, Minas Gerais, Piau\u00ed, Rio Grande do Norte, Par\u00e1, Rio Grande do Sul, Santa Catarina, S\u00e3o Paulo, Rio de Janeiro e Tocantins.\nO CECANE UFC est\u00e1 vinculado \u00e0 Faculdade de Educa\u00e7\u00e3o da UFC, tem abrang\u00eancia em todo o estado do Cear\u00e1 e, desde 2016, desenvolve a\u00e7\u00f5es de forma\u00e7\u00e3o\/capacita\u00e7\u00e3o de atores atuantes no PNAE, elabora\u00e7\u00e3o de produtos de Educa\u00e7\u00e3o Alimentar e Nutricional, monitoramento e assessoria \u00e0s Entidades Executoras (Munic\u00edpios e Estados).\" class=\"wp-image-20\" width=\"216\" height=\"216\" srcset=\"https:\/\/i0.wp.com\/cecane.ufc.br\/wp-content\/uploads\/2019\/10\/Logo_Cecanes.jpg?resize=1020%2C1024&amp;ssl=1 1020w, https:\/\/i0.wp.com\/cecane.ufc.br\/wp-content\/uploads\/2019\/10\/Logo_Cecanes.jpg?resize=150%2C150&amp;ssl=1 150w, https:\/\/i0.wp.com\/cecane.ufc.br\/wp-content\/uploads\/2019\/10\/Logo_Cecanes.jpg?resize=300%2C300&amp;ssl=1 300w, https:\/\/i0.wp.com\/cecane.ufc.br\/wp-content\/uploads\/2019\/10\/Logo_Cecanes.jpg?resize=768%2C771&amp;ssl=1 768w, https:\/\/i0.wp.com\/cecane.ufc.br\/wp-content\/uploads\/2019\/10\/Logo_Cecanes.jpg?w=1696&amp;ssl=1 1696w, https:\/\/i0.wp.com\/cecane.ufc.br\/wp-content\/uploads\/2019\/10\/Logo_Cecanes.jpg?w=1280&amp;ssl=1 1280w\" sizes=\"(max-width: 216px) 100vw, 216px\" data-recalc-dims=\"1\" \/><\/figure><\/div>\n\n\n\n<p>O Centro\nColaborador em Alimenta\u00e7\u00e3o e Nutri\u00e7\u00e3o Escolar \u2013 CECANE &#8211; UFC \u00e9 uma parceria do\nFundo Nacional de Desenvolvimento da Educa\u00e7\u00e3o &#8211; FNDE com a <strong>Universidade Federal do Cear\u00e1<\/strong>, firmada a partir da Portaria\nInterministerial n\u00ba 1010 de 08 de maio de 2006, cujo objetivo \u00e9 apoiar as a\u00e7\u00f5es\ndo Programa Nacional de Alimenta\u00e7\u00e3o Escolar &#8211; PNAE.<\/p>\n\n\n\n<p>Al\u00e9m deste Centro no\nCear\u00e1, foram firmadas parceiras com 16 universidades federais e um instituto\nfederal de educa\u00e7\u00e3o, localizados nos seguintes estados: Amazonas, Bahia, Paran\u00e1,\nMinas Gerais, Piau\u00ed, Rio Grande do Norte, Par\u00e1, Rio Grande do Sul, Santa\nCatarina, S\u00e3o Paulo, Rio de Janeiro e Tocantins.<\/p>\n\n\n\n<p>O CECANE UFC est\u00e1 vinculado \u00e0 Faculdade de Educa\u00e7\u00e3o da UFC, tem abrang\u00eancia em todo o estado do Cear\u00e1 e, desde 2016, desenvolve a\u00e7\u00f5es de forma\u00e7\u00e3o\/capacita\u00e7\u00e3o de atores atuantes no PNAE, elabora\u00e7\u00e3o de produtos de Educa\u00e7\u00e3o Alimentar e Nutricional, monitoramento e assessoria \u00e0s Entidades Executoras (Munic\u00edpios e Estados).<\/p>\n\n\n\n<p>O CECANE UFC realiza\natividades e produtos voltados para a melhoria das a\u00e7\u00f5es do Programa Nacional\nde Alimenta\u00e7\u00e3o Escolar (PNAE). Para tanto, tem desenvolvido: 1) monitoramento e\nassessoria a entidades executoras do PNAE no Cear\u00e1; 2) Oficinas sobre a demanda\nda agricultura familiar e da alimenta\u00e7\u00e3o escolar; 3) Elabora\u00e7\u00e3o\nde materiais pedag\u00f3gicos digitais voltados para o fortalecimento da Educa\u00e7\u00e3o\nAlimentar e Nutricional (EAN): um jogo pedag\u00f3gico digital sobre EAN para\ncrian\u00e7as de seis a 12 anos, um livro (formato impresso, PDF e E-Pub) sobre EAN\npara Nutricionistas do PNAE e profissionais da educa\u00e7\u00e3o; 4) Forma\u00e7\u00f5es para\natores PNAE: nutricionistas, gestores municipais, merendeiras, conselheiros de\nalimenta\u00e7\u00e3o escolar, coordenadores pedag\u00f3gicos e gestores escolares,\nagricultores familiares; 5) Implanta\u00e7\u00e3o de hortas escolares urbanas e oficinas\npara o preparo de sal de ervas; 6) Pesquisas sobre: experi\u00eancias de EAN no\nestado do Cear\u00e1; controle social do PNAE; compras da agricultura familiar para\na alimenta\u00e7\u00e3o escolar; aspectos higi\u00eanicos e sanit\u00e1rios da execu\u00e7\u00e3o do\nPNAE.&nbsp;&nbsp; &nbsp;<\/p>\n\n\n\n<p>Dessa\nforma, o CECANE UFC, fruto da parceria entre o Fundo Nacional do\nDesenvolvimento da Educa\u00e7\u00e3o (FNDE) e a Universidade Federal do Cear\u00e1 (UFC),\nvisa contribuir para a consolida\u00e7\u00e3o da Pol\u00edtica Nacional de Seguran\u00e7a Alimentar\ne Nutricional, por meio do aprimoramento do Programa Nacional de Alimenta\u00e7\u00e3o\nEscolar (PNAE).<\/p>\n\n\n\n<p>Atualmente o CECANE-UFC possui a seguinte contribui\u00e7\u00e3o:  Coordena\u00e7\u00e3o; assessoria t\u00e9cnica; agentes PNAE monitores e respons\u00e1vel t\u00e9cnico; bolsistas de pesquisa e extens\u00e3o. <\/p>\n","protected":false},"excerpt":{"rendered":"<p>O Centro Colaborador em Alimenta\u00e7\u00e3o e Nutri\u00e7\u00e3o Escolar \u2013 CECANE &#8211; UFC \u00e9 uma parceria do Fundo Nacional de Desenvolvimento da Educa\u00e7\u00e3o &#8211; FNDE com a Universidade Federal do Cear\u00e1, firmada a partir da Portaria Interministerial n\u00ba 1010 de 08 de maio de 2006, cujo objetivo \u00e9 apoiar as a\u00e7\u00f5es do Programa Nacional de Alimenta\u00e7\u00e3o<br \/><a class=\"btn btn-theme post-btn\" href=\"https:\/\/cecane.ufc.br\/?page_id=19\">Ler mais<\/a><\/p>\n","protected":false},"author":2,"featured_media":0,"parent":0,"menu_order":0,"comment_status":"closed","ping_status":"closed","template":"templates\/fullwidth.php","meta":{"spay_email":""},"_links":{"self":[{"href":"https:\/\/cecane.ufc.br\/index.php?rest_route=\/wp\/v2\/pages\/19"}],"collection":[{"href":"https:\/\/cecane.ufc.br\/index.php?rest_route=\/wp\/v2\/pages"}],"about":[{"href":"https:\/\/cecane.ufc.br\/index.php?rest_route=\/wp\/v2\/types\/page"}],"author":[{"embeddable":true,"href":"https:\/\/cecane.ufc.br\/index.php?rest_route=\/wp\/v2\/users\/2"}],"replies":[{"embeddable":true,"href":"https:\/\/cecane.ufc.br\/index.php?rest_route=%2Fwp%2Fv2%2Fcomments&post=19"}],"version-history":[{"count":35,"href":"https:\/\/cecane.ufc.br\/index.php?rest_route=\/wp\/v2\/pages\/19\/revisions"}],"predecessor-version":[{"id":329,"href":"https:\/\/cecane.ufc.br\/index.php?rest_route=\/wp\/v2\/pages\/19\/revisions\/329"}],"wp:attachment":[{"href":"https:\/\/cecane.ufc.br\/index.php?rest_route=%2Fwp%2Fv2%2Fmedia&parent=19"}],"curies":[{"name":"wp","href":"https:\/\/api.w.org\/{rel}","templated":true}]}}